{"id":11134,"date":"2009-10-30T16:18:54","date_gmt":"2009-10-30T20:18:54","guid":{"rendered":"http:\/\/piel-l.org\/blog\/?page_id=11134"},"modified":"2016-02-25T17:54:00","modified_gmt":"2016-02-25T22:24:00","slug":"como-enviar-un-caso-a-piel-l","status":"publish","type":"page","link":"https:\/\/piel-l.org\/blog\/como-enviar-un-caso-a-piel-l","title":{"rendered":"\u00bfC\u00f3mo enviar un caso a PIEL-L?"},"content":{"rendered":"<p><strong>PIEL-L Latinoamericana<\/strong>, es una publicaci\u00f3n semanal abierta a cualquier colega, inscrito en nuestra publicaci\u00f3n, que desee compartir alg\u00fan caso para diagn\u00f3stico o dificultad terap\u00e9utica.<\/p>\n<p>Esta publicaci\u00f3n es un servicio de educaci\u00f3n medica continuada para m\u00e9dicos. Se obviaran todos los casos o comentarios de pacientes y de personas que nos escriban que no sean profesionales m\u00e9dicos debidamente identificados y suscritos a nuestra revista.<\/p>\n<p>La secci\u00f3n \u201cCasos cl\u00ednicos\u201d, es donde ubicamos todos los casos recibidos y la mejor forma de ver c\u00f3mo debe ser enviado es leer cualquiera de los all\u00ed presentados para analizar su estructura.<\/p>\n<p>Si usted es un m\u00e9dico inscrito en Piel latinoamericana no debe previamente inscribirse, si no lo esta debe hacerlo antes de enviar su caso para consulta, inmediatamente revisaremos sus datos y al aprobarse seran publicados<\/p>\n<p>Podemos resumir la metodolog\u00eda para el env\u00edo de casos en los siguientes pasos:<\/p>\n<ol>\n<li>Transcriba Nombre(s), Apellido(s), Especialidad, Instituci\u00f3n, Ciudad y Pa\u00eds de quien(es) presentan el caso.<\/li>\n<li>Transcriba una exposici\u00f3n completa del caso. Incluya la mayor cantidad de datos posible: Antecendentes, Motivos de consulta, historia cl\u00ednica, laboratorio convencional y especializado, histopatolog\u00eda , inmunohistoqu\u00edmica, radiograf\u00edas, TAC, Resonancias, ECO, etc.. Trate de ser muy preciso en su exposici\u00f3n.<\/li>\n<li>Anexe fotos cl\u00ednica y patol\u00f3gicas (si las hubiese). Puede enviar todas las fotos que considere importante para el posterior an\u00e1lisis. (procurar que las fotos sean n\u00edtidas y de buena calidad)<\/li>\n<li>Envie su caso al correo: editores@piel-l.org<\/li>\n<\/ol>\n<p>Recomendaciones:<\/p>\n<ul>\n<li>Puede transcribir directamente en su correo o en Microsoft Word su caso<\/li>\n<li>Si transcribi\u00f3 en Microsoft word considere no \u201cPegar\u201d las fotos en dicho documento, trate de enviar las fotos de forma indepediente.<\/li>\n<li>Cualquier detalle t\u00e9cnico adicional puede comunicarse con Soporte al correo: soporte@piel-l.org donde le daremos asistencia inmdiata.<\/li>\n<\/ul>\n<p>&nbsp;<\/p>\n<p>Gracias por su participaci\u00f3n<\/p>\n<p><strong>Los Editores.<\/strong><\/p>\n<p>&nbsp;<\/p>\n<p>&nbsp;<\/p>\n<p>&nbsp;<\/p>\n<p>&nbsp;<\/p>\n","protected":false},"excerpt":{"rendered":"<p>PIEL-L Latinoamericana, es una publicaci\u00f3n semanal abierta a cualquier colega, inscrito en nuestra publicaci\u00f3n, que desee compartir alg\u00fan caso para diagn\u00f3stico o dificultad terap\u00e9utica. Esta publicaci\u00f3n es un servicio de educaci\u00f3n medica continuada para m\u00e9dicos. Se obviaran todos los casos o comentarios de pacientes y de personas que nos escriban que no sean profesionales m\u00e9dicos &hellip;<\/p>\n","protected":false},"author":16,"featured_media":0,"parent":0,"menu_order":0,"comment_status":"closed","ping_status":"closed","template":"","meta":{"footnotes":""},"class_list":["post-11134","page","type-page","status-publish",""],"_links":{"self":[{"href":"https:\/\/piel-l.org\/blog\/wp-json\/wp\/v2\/pages\/11134","targetHints":{"allow":["GET"]}}],"collection":[{"href":"https:\/\/piel-l.org\/blog\/wp-json\/wp\/v2\/pages"}],"about":[{"href":"https:\/\/piel-l.org\/blog\/wp-json\/wp\/v2\/types\/page"}],"author":[{"embeddable":true,"href":"https:\/\/piel-l.org\/blog\/wp-json\/wp\/v2\/users\/16"}],"replies":[{"embeddable":true,"href":"https:\/\/piel-l.org\/blog\/wp-json\/wp\/v2\/comments?post=11134"}],"version-history":[{"count":0,"href":"https:\/\/piel-l.org\/blog\/wp-json\/wp\/v2\/pages\/11134\/revisions"}],"wp:attachment":[{"href":"https:\/\/piel-l.org\/blog\/wp-json\/wp\/v2\/media?parent=11134"}],"curies":[{"name":"wp","href":"https:\/\/api.w.org\/{rel}","templated":true}]}}