{"id":24223,"date":"2012-01-12T05:39:59","date_gmt":"2012-01-12T10:09:59","guid":{"rendered":"http:\/\/www2.piel-l.org\/?page_id=24223"},"modified":"2016-02-09T19:13:04","modified_gmt":"2016-02-09T23:43:04","slug":"contactanos","status":"publish","type":"page","link":"https:\/\/piel-l.org\/blog\/contactanos","title":{"rendered":"Cont\u00e1ctanos"},"content":{"rendered":"<ul>\n<li>Para env\u00edo de casos cl\u00ednicos y suscripci\u00f3n, por favor dirija un correo a editores@piel-l.org<\/li>\n<li>Para solicitud de soporte t\u00e9cnico env\u00ede un correo a: soporte@piel-l.org<\/li>\n<li>Para anular la suscripci\u00f3n de los boletines semanales env\u00ede correo a: unsuscribe@piel-l.org<\/li>\n<\/ul>\n","protected":false},"excerpt":{"rendered":"<p>Para env\u00edo de casos cl\u00ednicos y suscripci\u00f3n, por favor dirija un correo a editores@piel-l.org Para solicitud de soporte t\u00e9cnico env\u00ede un correo a: soporte@piel-l.org Para anular la suscripci\u00f3n de los boletines semanales env\u00ede correo a: unsuscribe@piel-l.org<\/p>\n","protected":false},"author":16,"featured_media":0,"parent":0,"menu_order":0,"comment_status":"closed","ping_status":"closed","template":"","meta":{"footnotes":""},"class_list":["post-24223","page","type-page","status-publish",""],"_links":{"self":[{"href":"https:\/\/piel-l.org\/blog\/wp-json\/wp\/v2\/pages\/24223","targetHints":{"allow":["GET"]}}],"collection":[{"href":"https:\/\/piel-l.org\/blog\/wp-json\/wp\/v2\/pages"}],"about":[{"href":"https:\/\/piel-l.org\/blog\/wp-json\/wp\/v2\/types\/page"}],"author":[{"embeddable":true,"href":"https:\/\/piel-l.org\/blog\/wp-json\/wp\/v2\/users\/16"}],"replies":[{"embeddable":true,"href":"https:\/\/piel-l.org\/blog\/wp-json\/wp\/v2\/comments?post=24223"}],"version-history":[{"count":0,"href":"https:\/\/piel-l.org\/blog\/wp-json\/wp\/v2\/pages\/24223\/revisions"}],"wp:attachment":[{"href":"https:\/\/piel-l.org\/blog\/wp-json\/wp\/v2\/media?parent=24223"}],"curies":[{"name":"wp","href":"https:\/\/api.w.org\/{rel}","templated":true}]}}