{"id":3039,"date":"2008-06-14T11:50:23","date_gmt":"2008-06-14T15:50:23","guid":{"rendered":"http:\/\/piel-l.org\/blog\/?page_id=3039"},"modified":"2008-06-15T08:21:45","modified_gmt":"2008-06-15T12:21:45","slug":"rolando-hernandez-perez","status":"publish","type":"page","link":"https:\/\/piel-l.org\/blog\/editores-fundadores\/rolando-hernandez-perez","title":{"rendered":"HERN\u00c1NDEZ P\u00c9REZ Rolando"},"content":{"rendered":"<p align=\"justify\"><a href=\"http:\/\/piel-l.org\/blog\/wp-content\/uploads\/2008\/06\/200\/rolandohernandezperez.jpg\"><img loading=\"lazy\" decoding=\"async\" src=\"http:\/\/piel-l.org\/blog\/wp-content\/uploads\/2008\/06\/200\/rolandohernandezperez-150x150.jpg\" alt=\"Rolando Hernandez Perez\" title=\"rolandohernandezperez\" width=\"150\" height=\"150\" align=\"left\" \/><\/a><\/p>\n<p>El Dr. Rolando Hern\u00e1ndez P\u00e9rez naci\u00f3 en Barinas Venezuela el 03 de mayo de 1950; se gradu\u00f3 de M\u00e9dico Cirujano en la Universidad de los Andes el 2 de marzo de 1973. Trabaj\u00f3 como m\u00e9dico interno en el Hospital Carlos Arvelo (Hospital Militar de Caracas) en donde se form\u00f3 como M\u00e9dico Internista (1974-1976); luego viajo a Sao Paulo Brasil, Universidad de Sao Paulo-Hospital das Clinicas, en donde se form\u00f3 como dermat\u00f3logo (1976 al 1978) obteniendo el t\u00edtulo de Especialista en Dermatolog\u00eda en 1978.<\/p>\n<p>Realiz\u00f3 estudios sobre C\u00e1ncer de la Piel en el Hospital Bellvue de New York (1978). Regresa a Venezuela y trabaj\u00f3 en la C\u00e1tedra de Dermatolog\u00eda del Hospital Universitario de Caracas\/Universidad Central de Venezuela durante el a\u00f1o 1978 y 1979; luego se estableci\u00f3 en la ciudad de Barinas en donde es actualmente Jefe del Servicio de Dermatolog\u00eda del Hospital General &quot;Dr. Luis Razetti&quot; y Profesor Asistente de la Facultad de Medicina de la Universidad de los Andes. Apadrin\u00f3 a dos (2) promociones de M\u00e9dicos Cirujanos.<\/p>\n<p>Ha publicado 21 trabajos cient\u00edficos en revistas nacionales y extranjeras. Particip\u00f3 como expositor y conferencista en numerosos Congresos y eventos nacionales e internacionales. Ha sido vocal de la Sociedad Venezolana de Dermatolog\u00eda y Cirug\u00eda Dermatol\u00f3gica en el per\u00edodo 1992-1994 y Vice-Presidente &nbsp;(2004-2006-) y actualmente Presidente de dicha Asociaci\u00f3n dermatol\u00f3gica; Delegado ante el RADLA por Venezuela. Presidente de la Sociedad M\u00e9dica de la Cl\u00ednica Ntra. Se\u00f1ora del Pilar de Barinas. Director M\u00e9dico de esta cl\u00ednica en la ciudad de Barinas. Editor de Fundador de PIEL-LATINOAMERICANA.<\/p>\n<p>Premio C\u00e9sar Lizardo 1992.<\/p>\n","protected":false},"excerpt":{"rendered":"<p>El Dr. Rolando Hern\u00e1ndez P\u00e9rez naci\u00f3 en Barinas Venezuela el 03 de mayo de 1950; se gradu\u00f3 de M\u00e9dico Cirujano en la Universidad de los Andes el 2 de marzo de 1973. Trabaj\u00f3 como m\u00e9dico interno en el Hospital Carlos Arvelo (Hospital Militar de Caracas) en donde se form\u00f3 como M\u00e9dico Internista (1974-1976); luego viajo &hellip;<\/p>\n","protected":false},"author":16,"featured_media":0,"parent":3035,"menu_order":0,"comment_status":"open","ping_status":"open","template":"","meta":{"footnotes":""},"class_list":["post-3039","page","type-page","status-publish",""],"_links":{"self":[{"href":"https:\/\/piel-l.org\/blog\/wp-json\/wp\/v2\/pages\/3039","targetHints":{"allow":["GET"]}}],"collection":[{"href":"https:\/\/piel-l.org\/blog\/wp-json\/wp\/v2\/pages"}],"about":[{"href":"https:\/\/piel-l.org\/blog\/wp-json\/wp\/v2\/types\/page"}],"author":[{"embeddable":true,"href":"https:\/\/piel-l.org\/blog\/wp-json\/wp\/v2\/users\/16"}],"replies":[{"embeddable":true,"href":"https:\/\/piel-l.org\/blog\/wp-json\/wp\/v2\/comments?post=3039"}],"version-history":[{"count":0,"href":"https:\/\/piel-l.org\/blog\/wp-json\/wp\/v2\/pages\/3039\/revisions"}],"up":[{"embeddable":true,"href":"https:\/\/piel-l.org\/blog\/wp-json\/wp\/v2\/pages\/3035"}],"wp:attachment":[{"href":"https:\/\/piel-l.org\/blog\/wp-json\/wp\/v2\/media?parent=3039"}],"curies":[{"name":"wp","href":"https:\/\/api.w.org\/{rel}","templated":true}]}}