{"id":4196,"date":"2008-09-22T10:10:21","date_gmt":"2008-09-22T14:10:21","guid":{"rendered":"http:\/\/piel-l.org\/blog\/?page_id=4196"},"modified":"2008-09-22T10:10:21","modified_gmt":"2008-09-22T14:10:21","slug":"edicion-n-207-ano-v-viernes-08082008","status":"publish","type":"page","link":"https:\/\/piel-l.org\/blog\/edicion-n-207-ano-v-viernes-08082008","title":{"rendered":"EDICI\u00d3N N\u00b0 207, A\u00d1O V. Viernes 08\/08\/2008"},"content":{"rendered":"<h1 align=\"center\"><strong>PIEL-L LATINOAMERICANA<\/strong><\/h1>\n<p align=\"center\"><strong>EDICI\u00d3N N&deg; 207, A\u00d1O V. Viernes 08\/08\/2008<\/strong><br \/> Si, despu\u00e9s que yo muera,<br \/> se quisiera escribir mi biograf\u00eda,<br \/> nada ser\u00eda m\u00e1s simple.<br \/> Exactamente poseo dos fechas<br \/> -la de mi nacimiento y la de muerte-.<br \/> <strong>(Fernando Pessoa- &quot;Si despu\u00e9s que yo me muera&quot;)<\/strong> <\/p>\n<hr \/>\n<p align=\"center\">&nbsp;<\/p>\n<p><strong>Editores<\/strong><\/p>\n<table border=\"0\" cellspacing=\"2\" cellpadding=\"2\" width=\"319\" align=\"center\">\n<tr>\n<td width=\"103\"><img loading=\"lazy\" decoding=\"async\" src=\"http:\/\/piel.com.ve\/content\/images\/stories\/personajes\/01-jaime_piquero.jpg\" alt=\"01-jaime_piquero\" title=\"01-jaime_piquero\" width=\"90\" height=\"119\" align=\"left\" \/><\/td>\n<td width=\"109\"><img loading=\"lazy\" decoding=\"async\" src=\"http:\/\/piel.com.ve\/content\/images\/stories\/personajes\/rhp3.jpg\" alt=\"01-rolando_hernandez\" title=\"01-rolando_hernandez\" width=\"100\" height=\"118\" align=\"left\" \/><\/td>\n<td width=\"87\"><img loading=\"lazy\" decoding=\"async\" src=\"http:\/\/piel.com.ve\/content\/images\/stories\/personajes\/01-felix_tapia.jpg\" alt=\"01-felix_tapia\" title=\"01-felix_tapia\" width=\"87\" height=\"119\" align=\"left\" \/><\/td>\n<\/tr>\n<tr>\n<td align=\"center\">Dr. Jaime<br \/> PIQUERO MARTIN<\/td>\n<td align=\"center\">Dr. Rolando HERNANDEZ PEREZ<\/td>\n<td align=\"center\">Dr. Felix J.<br \/> TAPIA<\/td>\n<\/tr>\n<\/table>\n<hr \/>\n<h1><a href=\"http:\/\/piel-l.org\/blog\/3666\" title=\"El Citocromo P-450\" rel=\"bookmark\" target=\"_blank\">El Citocromo P-450<\/a><\/h1>\n<p>Coordinado por:<br \/> <a href=\"http:\/\/piel-l.org\/blog\/author\/editores\/\" title=\"Posts by Editores PIEL-L\" target=\"_blank\">Editores PIEL-L<\/a><\/p>\n<p><img loading=\"lazy\" decoding=\"async\" src=\"http:\/\/piel-l.org\/blog\/wp-content\/uploads\/2008\/08\/cyp450.jpg\" title=\"cyp450\" width=\"230\" height=\"131\" \/><br \/> El  citocromo P-450 (P-450) es el principal responsable del metabolismo  oxidativo de diversos compuestos qu\u00edmicos que no forman parte de la&nbsp;  composici\u00f3n habitual del cuerpo humano- xenobi\u00f3ticos-, pero que son&nbsp;  capaces de acceder a su interior.. Los xenobi\u00f3ticos, se tratan de  compuestos&nbsp; de naturaleza qu\u00edmica muy variada, algunos de los cuales  son de origen natural, entre los que destacan las micotoxinas o los  alcaloides, si bien la inmensa mayor\u00eda son productos originados por la  propia actividad humana, como los contaminantes ambientales o los  compuestos qu\u00edmicos de s\u00edntesis.<\/p>\n<p><a href=\"http:\/\/piel-l.org\/blog\/3666#more-3666\" target=\"_blank\">Leer m\u00e1s<\/a><\/p>\n<ul>\n<li>August 8, 2008<\/li>\n<li>Indexado en: <a href=\"http:\/\/piel-l.org\/blog\/category\/generales\/editorial\" title=\"View all posts in Editorial\" rel=\"category tag\" target=\"_blank\">Editorial<\/a><\/li>\n<\/ul>\n<h2><a href=\"http:\/\/piel-l.org\/blog\/3669\" title=\"Varicela\" rel=\"bookmark\" target=\"_blank\">Varicela<\/a><\/h2>\n<p>Coordinado por:<br \/> <a href=\"http:\/\/piel-l.org\/blog\/author\/editores\/\" title=\"Posts by Editores PIEL-L\" target=\"_blank\">Editores PIEL-<\/a><\/p>\n<p><strong>Dra. MARCIA ENDARA V<\/strong><\/p>\n<p class=\"Ih2E3d\"> UNIVERSIDAD DE CARABOBO<br \/> CIUDAD HOSPITALARIA &ldquo;Dr. ENRIQUE TEJERA&rdquo; POSTGRADO DE DERMATOLOGIA<br \/> <img loading=\"lazy\" decoding=\"async\" src=\"http:\/\/piel-l.org\/blog\/wp-content\/uploads\/2008\/08\/varicela.jpg\" title=\"varicela\" width=\"380\" height=\"307\" \/><\/p>\n<p><a href=\"http:\/\/piel-l.org\/blog\/3669#more-3669\" target=\"_blank\">Leer m\u00e1s<\/a><\/p>\n<ul>\n<li>August 8, 2008<\/li>\n<li>Indexado en: <a href=\"http:\/\/piel-l.org\/blog\/category\/generales\/caso-de-la-semana\" title=\"View all posts in Caso de la semana\" rel=\"category tag\" target=\"_blank\">Caso de la semana<\/a><\/li>\n<\/ul>\n<h2><a href=\"http:\/\/piel-l.org\/blog\/3677\" title=\"Consulte a un Colega N&deg;1: tumoraci\u00f3n verrugosa en tercio superior del dorso desde la infancia\" rel=\"bookmark\" target=\"_blank\">Consulte a un Colega N&deg;1: tumoraci\u00f3n verrugosa en tercio superior del dorso desde la infancia<\/a><\/h2>\n<p> Coordinado por:<br \/> <a href=\"http:\/\/piel-l.org\/blog\/author\/editores\/\" title=\"Posts by Editores PIEL-L\" target=\"_blank\">Editores PIEL-L<\/a> <strong><br \/> Presentado por Rolando Hern\u00e1ndez P\u00e9rez (M\u00e9dico Dermat\u00f3logo)<br \/> Carmen J. Bastidas montilla (M\u00e9dico dermat\u00f3logo)<br \/> Marisela Acosta Casanova (M\u00e9dico Anatomopat\u00f3logo)<br \/> Cl\u00ednica Ntra. Se\u00f1ora del Pilar. Barinas. Venezuela. <\/strong>  Paciente de 13 a\u00f1os de edad, natural y procedente de Guanare (Edo  Portuguesa) quien es referido por Pediatra&nbsp; por tumoraci\u00f3n verrugosa en  tercio superior del dorso desde la infancia. <\/p>\n<p><a href=\"http:\/\/piel-l.org\/blog\/3677#more-3677\" target=\"_blank\">Leer m\u00e1s&hellip;<\/a><\/p>\n<p> August 8, 2008 <\/p>\n<ul>\n<li>Indexado en: <a href=\"http:\/\/piel-l.org\/blog\/category\/generales\/consulte-a-un-colega\" title=\"View all posts in Consulte a un colega\" rel=\"category tag\" target=\"_blank\">Consulte a un colega<\/a><\/li>\n<\/ul>\n<h2><a href=\"http:\/\/piel-l.org\/blog\/3698\" title=\"Consulte a un Colega N&deg;2: aparici\u00f3n de placa pigmentada en la cara externa del 5&ordm; dedo del pies izquierdo\" rel=\"bookmark\" target=\"_blank\">Consulte a un Colega N&deg;2: aparici\u00f3n de placa pigmentada en la cara externa del 5&ordm; dedo del pies izquierdo<\/a><\/h2>\n<p>Coordinado por:<br \/> <a href=\"http:\/\/piel-l.org\/blog\/author\/editores\/\" title=\"Posts by Editores PIEL-L\" target=\"_blank\">Editores PIEL-L<\/a><\/p>\n<p> <strong>Presentado por Rolando Hern\u00e1ndez P\u00e9rez (M\u00e9dico Dermat\u00f3logo)<br \/> Carmen Bastidas Montilla (M\u00e9dico Dermat\u00f3logo)<br \/> Carmen L\u00f3pez (Anatomopat\u00f3logo)<br \/> Cl\u00ednica Ntra. Se\u00f1ora del Pilar. Barinas. Venezuela.<br \/> Hospital Vargas. Caracas. Venezuela.<\/strong> <\/p>\n<p class=\"Ih2E3d\">Paciente de 34 a\u00f1os de edad, comerciante, con&nbsp; asencendencia  \u00e1rabe,&nbsp;&nbsp; quien refiere aparici\u00f3n de placa pigmentada en la cara externa  del 5&ordm; dedo del pies izquierdo con 5 a\u00f1os de evoluci\u00f3n.<br \/> Al examen cl\u00ednico de observa placa, mal delimitada, azul oscuro y  negra, con \u00e1rea m\u00e1s clara (gris clara) en el dorso interno y periferia  del 5&ordm; dedo del pi\u00e9 izquierdo con 5 a\u00f1os de evoluci\u00f3n, asintom\u00e1tica.&nbsp;  Antecedente de exploraci\u00f3n por pedicurista &ndash;al pensar que se pod\u00eda  tratar de un hematoma<\/p>\n<p> <a href=\"http:\/\/piel-l.org\/blog\/3698#more-3698\" target=\"_blank\">Leer m\u00e1s&hellip;<\/a> <\/p>\n<ul>\n<li>August 8, 2008<\/li>\n<li>Indexado en: <a href=\"http:\/\/piel-l.org\/blog\/category\/generales\/consulte-a-un-colega\" title=\"View all posts in Consulte a un colega\" rel=\"category tag\" target=\"_blank\">Consulte a un colega<\/a><\/li>\n<\/ul>\n<h2><a href=\"http:\/\/piel-l.org\/blog\/3684\" title=\"CONSULTE A UN COLEGA N&deg; 3: enfermedad recalcitrante y recidivante en el Area del pa\u00f1al\" rel=\"bookmark\" target=\"_blank\">CONSULTE A UN COLEGA N&deg; 3: enfermedad recalcitrante y recidivante en el Area del pa\u00f1al<\/a><\/h2>\n<p>Coordinado por:<br \/> <a href=\"http:\/\/piel-l.org\/blog\/author\/editores\/\" title=\"Posts by Editores PIEL-L\" target=\"_blank\">Editores PIEL-L<\/a><strong><br \/> Prensentado por Rolando Hern\u00e1ndez P\u00e9rez (M\u00e9dico Dermat\u00f3logo)<br \/> Eugenio Vegas Mart\u00ednez (M\u00e9dico Pediatra)<br \/> Cl\u00ednica Ntra. se\u00f1ora del Pilar \/ Barinas. Venezuela<\/strong><\/p>\n<p> Lactante de 8 meses de edad quien en referido por  m\u00e9dico pediatra por enfermedad recalcitrante y recidivante en el \u00e1rea  del pa\u00f1al. Examen pedi\u00e1trico dentro de la normalidad para su edad.  Laboratorio convencional: dentro de la normalidad.<br \/> <a href=\"http:\/\/piel-l.org\/blog\/3684#more-3684\" target=\"_blank\">Leer m\u00e1s&hellip;<\/a> <\/p>\n<ul>\n<li>August 8, 2008<\/li>\n<li>Indexado en: <a href=\"http:\/\/piel-l.org\/blog\/category\/generales\/consulte-a-un-colega\" title=\"View all posts in Consulte a un colega\" rel=\"category tag\" target=\"_blank\">Consulte a un colega<\/a><\/li>\n<\/ul>\n<h2><a href=\"http:\/\/piel-l.org\/blog\/3703\" title=\"Consulte a un colega N&deg;4: petequias alrededor de la boca\" rel=\"bookmark\" target=\"_blank\">Consulte a un colega N&deg;4: petequias alrededor de la boca<\/a><\/h2>\n<p>Coordinado por:<br \/> <a href=\"http:\/\/piel-l.org\/blog\/author\/editores\/\" title=\"Posts by Editores PIEL-L\" target=\"_blank\">Editores PIEL-L<br \/> <\/a><strong>Presentado por Rolando Hern\u00e1ndez P\u00e9rez (M\u00e9dico dermat\u00f3logo)<br \/> Eugenio Vega Mart\u00ednez (M\u00e9dico Pediatra)<br \/> Cl\u00ednica Ntra. Se\u00f1ora del Pilar. Barinas. Venezuela<br \/> <\/strong>Esta ni\u00f1a de 12 a\u00f1os de edad es llevada por la abuela muy  angustiada, al Pediatra,&nbsp; el cual solicita una interconsulta don  Dermatolog\u00eda. Presenta petequias alrededor de la boca (piel del bigote)  y ventana nasal, con discreta eccematizaci\u00f3n.<\/p>\n<p><a href=\"http:\/\/piel-l.org\/blog\/3703#more-3703\" target=\"_blank\">Leer m\u00e1s&hellip;<\/a><\/p>\n<ul>\n<li>August 8, 2008<\/li>\n<li>Indexado en: <a href=\"http:\/\/piel-l.org\/blog\/category\/generales\/consulte-a-un-colega\" title=\"View all posts in Consulte a un colega\" rel=\"category tag\" target=\"_blank\">Consulte a un colega<\/a><\/li>\n<\/ul>\n<h2><a href=\"http:\/\/piel-l.org\/blog\/3704\" title=\"Recomiendan la prueba del VPH y la citolog\u00eda para el cribado en las mujeres de 30 a\u00f1os de edad\" rel=\"bookmark\" target=\"_blank\">Recomiendan la prueba del VPH y la citolog\u00eda para el cribado en las mujeres de 30 a\u00f1os de edad<\/a><\/h2>\n<p>Coordinado por:<br \/> <a href=\"http:\/\/piel-l.org\/blog\/author\/editores\/\" title=\"Posts by Editores PIEL-L\" target=\"_blank\">Editores PIEL-L<\/a><\/p>\n<p>El  nuevo consenso sobre prevenci\u00f3n del c\u00e1ncer de c\u00e9rvix publicado por la  Sociedad Alemana de Ginecolog\u00eda y Obstetricia (DGGG) recomienda la  prueba del virus del papiloma humano (VPH) en mujeres a partir de 30  a\u00f1os para el cribado del c\u00e1ncer de c\u00e9rvix, seg\u00fan inform\u00f3 la entidad en  d\u00eda de ayer a trav\u00e9s de un comunicado.<\/p>\n<p><a href=\"http:\/\/piel-l.org\/blog\/3704#more-3704\" target=\"_blank\">Leer m\u00e1s&hellip;<\/a><\/p>\n<ul>\n<li>August 8, 2008<\/li>\n<li>Indexado en: <a href=\"http:\/\/piel-l.org\/blog\/category\/generales\/comunicaciones-importantes\" title=\"View all posts in Comunicaciones Importantes\" rel=\"category tag\" target=\"_blank\">Comunicaciones Importantes<\/a><\/li>\n<\/ul>\n<p class=\"Ih2E3d\">&nbsp;<\/p>\n<h2><a href=\"http:\/\/piel-l.org\/blog\/3643\" title=\"FDA: Bevacizumab + Sunitinib y riesgo de anemia hemol\u00edtica\" rel=\"bookmark\" target=\"_blank\">FDA: Bevacizumab + Sunitinib y riesgo de anemia hemol\u00edtica<\/a><\/h2>\n<p>Coordinado por:<br \/> <a href=\"http:\/\/piel-l.org\/blog\/author\/farmacologia\/\" title=\"Posts by CHASSAIGNE Juan Antonio\" target=\"_blank\"><img decoding=\"async\" src=\"http:\/\/piel-l.org\/blog\/wp-content\/images\/authors\/\/4.jpg\" alt=\"CHASSAIGNE Juan Antonio\" title=\"CHASSAIGNE Juan Antonio\" \/><br \/> CHASSAIGNE Juan Antonio<\/a><\/p>\n<p>Estimadas y estimados,<\/p>\n<p class=\"Ih2E3d\">La FDA informa que el 11 de julio, Genentech, Inc. notific\u00f3 a los  profesionales de la salud, que se hab\u00edan recibido informes de varios  casos de anemia hemol\u00edtica microangiop\u00e1tica (MAHA) en pacientes con  tumores s\u00f3lidos tratados con bevacizumab (Avastin) en combinaci\u00f3n con  sunitinib malato. <\/p>\n<p> <a href=\"http:\/\/piel-l.org\/blog\/3643#more-3643\" target=\"_blank\">Leer m\u00e1s&hellip;<\/a> <\/p>\n<ul>\n<li>August 8, 2008<\/li>\n<li>Indexado en: <a href=\"http:\/\/piel-l.org\/blog\/category\/secciones-de-colaboradores\/farmacologia\" title=\"View all posts in Farmacolog\u00eda\" rel=\"category tag\" target=\"_blank\">Farmacolog\u00eda<\/a><\/li>\n<\/ul>\n<h2><a href=\"http:\/\/piel-l.org\/blog\/3658\" title=\"Close-UP 207\" rel=\"bookmark\" target=\"_blank\">Close-UP 207<\/a><\/h2>\n<p>Coordinado por:<br \/> <a href=\"http:\/\/piel-l.org\/blog\/author\/juancarlosdiez\/\" title=\"Posts by DIEZ DE MEDINA Juan carlos\" target=\"_blank\"><img decoding=\"async\" src=\"http:\/\/piel-l.org\/blog\/wp-content\/images\/authors\/\/23.jpg\" alt=\"DIEZ DE MEDINA Juan carlos\" title=\"DIEZ DE MEDINA Juan carlos\" \/><br \/> DIEZ DE MEDINA Juan carlo<\/a><\/p>\n<blockquote>\n<p>Respuesta al close up anterior correspondiente a la edici\u00f3n Close-UP 206:<\/p>\n<p class=\"Ih2E3d\"> <strong>La histopatolog\u00eda y resto del cuadro cl\u00ednico resulto compatible con LES.<\/strong><\/p>\n<\/blockquote>\n<p class=\"Ih2E3d\">NUEVO CLOSE- UP: Recuerde Close up es un m\u00f3dulo para que usted haga  su diagnostico cl\u00ednico, sin apoyo de histopatolog\u00eda ni otros ex\u00e1menes  complementario. Ejercite su &ldquo;ojo cl\u00ednico&rdquo;<br \/> Hoy presentamos un nuevo Close up:<\/p>\n<p><a href=\"http:\/\/piel-l.org\/blog\/3658#more-3658\" target=\"_blank\">Leer m\u00e1s&hellip;<\/a><\/p>\n<ul>\n<li>August 8, 2008<\/li>\n<li>Indexado en: <a href=\"http:\/\/piel-l.org\/blog\/category\/secciones-de-colaboradores\/close-up\" title=\"View all posts in Close-UP\" rel=\"category tag\" target=\"_blank\">Close-UP<\/a><\/li>\n<\/ul>\n<h2><a href=\"http:\/\/piel-l.org\/blog\/3646\" title=\"Dioxinas &ndash; leche y sebog\u00e9nesis\" rel=\"bookmark\" target=\"_blank\">Dioxinas &ndash; leche y sebog\u00e9nesis<\/a><\/h2>\n<p class=\"Ih2E3d\">Coordinado por:<br \/> <a href=\"http:\/\/piel-l.org\/blog\/author\/nutricion\/\" title=\"Posts by GAETE Marcela | HONEYMAN Juan\" target=\"_blank\"><img decoding=\"async\" src=\"http:\/\/piel-l.org\/blog\/wp-content\/images\/authors\/\/41.jpg\" alt=\"GAETE Marcela | HONEYMAN Juan\" title=\"GAETE Marcela | HONEYMAN Juan\" \/><br \/> GAETE Marcela | HONEYMAN Juan<\/a><\/p>\n<p>as  dioxinas son un grupo de hidrocarbonos halogenados muy poco  biodegradables. Su nombre es policloro dibenzo-p-dioxinas (PCDD) y son  una familia de 75 compuestos. La dioxina m\u00e1s estudiada y m\u00e1s t\u00f3xica es  la&nbsp; 2, 3, 7, 8- tetracloro-dibenzo-p-dioxina, conocida com\u00fanmente como  TCDD.<\/p>\n<p class=\"Ih2E3d\"> Los furanos&nbsp; cuyo nombre gen\u00e9rico es&nbsp; policloro-dibenzofuranos (PCDF)  son un grupo de 135 compuestos de estructura similar a las dioxinas que  se consideran los contaminantes principales de los policlorobifenilos  (PCB). Habitualmente al referirse a las&nbsp; dioxinas se incluyen a los  furanos y PCB.<\/p>\n<p><a href=\"http:\/\/piel-l.org\/blog\/3646#more-3646\" target=\"_blank\">Leer m\u00e1s&hellip;<\/a><\/p>\n<ul>\n<li>August 8, 2008<\/li>\n<li>Indexado en: <a href=\"http:\/\/piel-l.org\/blog\/category\/secciones-de-colaboradores\/nutricion-y-piel\" title=\"View all posts in Nutrici\u00f3n y Piel\" rel=\"category tag\" target=\"_blank\">Nutrici\u00f3n y Piel<\/a><\/li>\n<\/ul>\n<h2><a href=\"http:\/\/piel-l.org\/blog\/3654\" title=\"Revisi\u00f3n cl\u00ednica 03 Granuloma tricofitico de Majocchi\" rel=\"bookmark\" target=\"_blank\">Revisi\u00f3n cl\u00ednica 03 Granuloma tricofitico de Majocchi<\/a><\/h2>\n<p>Coordinado por:<br \/> <a href=\"http:\/\/piel-l.org\/blog\/author\/micopiel\/\" title=\"Posts by GOMEZ DAZA Fernando\" target=\"_blank\"><img decoding=\"async\" src=\"http:\/\/piel-l.org\/blog\/wp-content\/images\/authors\/\/7.jpg\" alt=\"GOMEZ DAZA Fernando\" title=\"GOMEZ DAZA Fernando\" \/><br \/> GOMEZ DAZA Fernando<\/a><\/p>\n<p>El  granuloma tricof\u00edtico de Majocchi o granuloma de Majocchi es una  dermatofitosis profunda caracterizada por p\u00e1pulas, p\u00fastulas y n\u00f3dulos  perifolicilares que confluyen para formar placas eritematosas,  dolorosas a la palpaci\u00f3n y de aspecto granulomatoso; los n\u00f3dulos por lo  general se localizan en la periferia de la palca y este granuloma se  presenta preferiblemente en miembros inferiores de mujeres con h\u00e1bitos  de rasurado frecuente.<\/p>\n<p><a href=\"http:\/\/piel-l.org\/blog\/3654#more-3654\" target=\"_blank\">Leer m\u00e1s&hellip;<\/a><\/p>\n<ul>\n<li>August 8, 2008<\/li>\n<li>Indexado en: <a href=\"http:\/\/piel-l.org\/blog\/category\/secciones-de-colaboradores\/micopiel\" title=\"View all posts in Micopiel\" rel=\"category tag\" target=\"_blank\">Micopiel<\/a><\/li>\n<\/ul>\n<h2><a href=\"http:\/\/piel-l.org\/blog\/3652\" title=\"Assunto: caso de acne\" rel=\"bookmark\" target=\"_blank\">Assunto: caso de acne<\/a><\/h2>\n<p>Coordinado por:<br \/> <a href=\"http:\/\/piel-l.org\/blog\/author\/georgeleal\/\" title=\"Posts by LEAL JR George B.\" target=\"_blank\"><img decoding=\"async\" src=\"http:\/\/piel-l.org\/blog\/wp-content\/images\/authors\/\/26.jpg\" alt=\"LEAL JR George B.\" title=\"LEAL JR George B.\" \/><br \/> LEAL JR George B<\/a><\/p>\n<p>Estimados  Dermlisters, gostaria de vossas preciosas sugestoes neste caso. Este  jovem de 15 anos apresenta piora progressiva nos ultimos meses, de sua  acne. Ha pouca tendencia familiar, nao faz uso de nenhuma medicacao. Ha  meses tenho prescritos higienizacao com sabonetes desengordurantes,  azeloglicina, adapaleno. Como persistiu, passei a prescrever  clindamicina+ p benzoila, e depois, isotretinoina + per. benzoila,  praticamente sem melhora importante&hellip;Acredito que este rapaz relaxe em  seus cuidados com sua acne, e talvez nao tenha sido rigoroso no uso.  Apesar de ja ter usado a eritromicina\/clindamicina topica, preferi  fazer uma serie da Azitromicina oral, em pulso, porque as ferias  estavam proximas, o que gerou uma certa incoveniencia para a  limeciclina oral. Encontra-se no meio do pulso, e so esta&rsquo; e&rsquo;  piorando&hellip;A seguir, as fotos:<\/p>\n<p><a href=\"http:\/\/piel-l.org\/blog\/3652#more-3652\" target=\"_blank\">Leer m\u00e1s&hellip;<\/a><\/p>\n<ul>\n<li>August 8, 2008<\/li>\n<li>Indexado en: <a href=\"http:\/\/piel-l.org\/blog\/category\/secciones-de-colaboradores\/brasilero-venezolana\" title=\"View all posts in Integraci\u00f3n Brasilero-Venezolana\" rel=\"category tag\" target=\"_blank\">Integraci\u00f3n Brasilero-Venezolana<\/a><\/li>\n<\/ul>\n<p class=\"Ih2E3d\">&nbsp;<\/p>\n<h2><a href=\"http:\/\/piel-l.org\/blog\/3649\" title=\"5-Aminolevulinic Acid, but not 5-Aminolevulinic Acid Esters, is Transported into Adenocarcinoma Cells by System BETA Transporters\" rel=\"bookmark\" target=\"_blank\">5-Aminolevulinic  Acid, but not 5-Aminolevulinic Acid Esters, is Transported into  Adenocarcinoma Cells by System BETA Transporters<\/a><\/h2>\n<p>Coordinado por:<br \/> <a href=\"http:\/\/piel-l.org\/blog\/author\/galderma\/\" title=\"Posts by Laboratorios Galderma\" target=\"_blank\"><img decoding=\"async\" src=\"http:\/\/piel-l.org\/blog\/wp-content\/images\/authors\/\/9.jpg\" alt=\"Laboratorios Galderma\" title=\"Laboratorios Galderma\" \/><br \/> Laboratorios Galderma<\/a><\/p>\n<p>Topical  or systemic administration of 5-aminolevulinic acid (5-ALA)&dagger;, as used  in photodynamic therapy (PDT), results in accumulation of porphyrins,  in particular, protoporphyrin IX (PpIX) (1,2). The initial step in the  heme synthesis pathway is the 5-ALA synthase&ndash;induced formation of 5-ALA  from succinyl-CoA and glycine, and this step is regulated by feedback  inhibition by heme (3)<\/p>\n<p><a href=\"http:\/\/piel-l.org\/blog\/3649#more-3649\" target=\"_blank\">Leer m\u00e1s&hellip;<\/a><\/p>\n<ul>\n<li>August 8, 2008<\/li>\n<li>Indexado en: <a href=\"http:\/\/piel-l.org\/blog\/category\/secciones-de-colaboradores\/notigalderma\" title=\"View all posts in Notigalderma\" rel=\"category tag\" target=\"_blank\">Notigalderma<\/a><\/li>\n<\/ul>\n<h2><a href=\"http:\/\/piel-l.org\/blog\/3660\" title=\"Dermatolog\u00eda y arte. Edici\u00f3n 207\" rel=\"bookmark\" target=\"_blank\">Dermatolog\u00eda y arte. Edici\u00f3n 207<\/a><\/h2>\n<p>Coordinado por:<br \/> <a href=\"http:\/\/piel-l.org\/blog\/author\/raquelramos\/\" title=\"Posts by RAMOS Raquel\" target=\"_blank\"><img decoding=\"async\" src=\"http:\/\/piel-l.org\/blog\/wp-content\/images\/authors\/\/22.jpg\" alt=\"RAMOS Raquel\" title=\"RAMOS Raquel\" \/><br \/> RAMOS Raquel<\/a><\/p>\n<p><strong>Dermatolog\u00eda y G\u00e9nero Epistolar. <\/strong><br \/> Sim\u00f3n Bol\u00edvar y Manuela S\u00e1enz.<br \/> <strong>DERMATOLOGIA Y MUSICA.<\/strong><br \/> QUE VALE MAS.<br \/> Letra: Jerem\u00edas.<br \/> Cantan: Sim\u00f3n D\u00edaz y Jerem\u00edas<\/p>\n<p><a href=\"http:\/\/piel-l.org\/blog\/3660#more-3660\" target=\"_blank\">Leer m\u00e1s&hellip;<\/a><\/p>\n<ul>\n<li>August 8, 2008<\/li>\n<li>Indexado en: <a href=\"http:\/\/piel-l.org\/blog\/category\/secciones-de-colaboradores\/dermatologia-y-arte\" title=\"View all posts in Dermatolog\u00eda y Arte\" rel=\"category tag\" target=\"_blank\">Dermatolog\u00eda y Arte<\/a><\/li>\n<\/ul>\n<h2><a href=\"http:\/\/piel-l.org\/blog\/3708\" title=\"Articulos Cient\u00edficos 207\" rel=\"bookmark\" target=\"_blank\">Articulos Cient\u00edficos 207<\/a><\/h2>\n<p>Coordinado por:<br \/> <a href=\"http:\/\/piel-l.org\/blog\/author\/editores\/\" title=\"Posts by Editores PIEL-L\" target=\"_blank\">Editores PIEL-<\/a><\/p>\n<ul>\n<li>The histological and pathogenetic spectrum of cutaneous disease in monoclonal gammopathies<\/li>\n<li>The challenge of dermatopathological diagnosis of composite tissue allograft rejection: a review<\/li>\n<\/ul>\n<p><a href=\"http:\/\/piel-l.org\/blog\/3708#more-3708\" target=\"_blank\">Leer m\u00e1s&hellip;<\/a><\/p>\n<ul>\n<li>August 8, 2008<\/li>\n<li>Indexado en: <a href=\"http:\/\/piel-l.org\/blog\/category\/generales\/articulos-cientificos\" title=\"View all posts in Art\u00edculos Cient\u00edficos\" rel=\"category tag\" target=\"_blank\">Art\u00edculos Cient\u00edficos<\/a><\/li>\n<\/ul>\n<h2><a href=\"http:\/\/piel-l.org\/blog\/3662\" title=\"A flor de piel 207\" rel=\"bookmark\" target=\"_blank\">A flor de piel 207<\/a><\/h2>\n<p>Coordinado por:<br \/> <a href=\"http:\/\/piel-l.org\/blog\/author\/editores\/\" title=\"Posts by Editores PIEL-L\" target=\"_blank\">Editores PIEL-L<\/a><\/p>\n<ul>\n<li>Boletin N&deg;1 XLIV Reunion Anual: Pa&acute;Maracaibo me voy !<\/li>\n<li>RABIA HUMANA, VAMPIROS &#8211; VENEZUELA (DELTA AMACURO): SOSPECHA<\/li>\n<li>Los Juegos Ol\u00edmpicos de 2008<\/li>\n<li>Designaci\u00f3n Maestros ILA<\/li>\n<li>V Congreso Micetoma y Micolog\u00eda M\u00e9dica<\/li>\n<li>International Hyperhidrosis Society: EADV Paris 2008<\/li>\n<li>XV Reuni\u00f3n Internacional de Terap\u00e9utica Dermatol\u00f3gica <\/li>\n<\/ul>\n<p><a href=\"http:\/\/piel-l.org\/blog\/3662#more-3662\" target=\"_blank\">Leer m\u00e1s&hellip;<\/a><\/p>\n<ul>\n<li>August 8, 2008<\/li>\n<li>Indexado en: <a href=\"http:\/\/piel-l.org\/blog\/category\/generales\/voz-del-dermatologo\" title=\"View all posts in Voz del Dermat\u00f3logo\" rel=\"category tag\" target=\"_blank\">Voz del Dermat\u00f3logo<\/a><\/li>\n<\/ul>\n<h2><a href=\"http:\/\/piel-l.org\/blog\/3664\" title=\"Chinito come alo con depolte !!\" rel=\"bookmark\" target=\"_blank\">Chinito come alo con depolte !!<\/a><\/h2>\n<p>Coordinado por:<br \/> <a href=\"http:\/\/piel-l.org\/blog\/author\/editores\/\" title=\"Posts by Editores PIEL-L\" target=\"_blank\">Editores PIEL-L<\/a><\/p>\n<p><img loading=\"lazy\" decoding=\"async\" src=\"http:\/\/piel-l.org\/blog\/wp-content\/uploads\/2008\/08\/mancheta-207.jpg\" title=\"mancheta-207\" width=\"380\" height=\"380\" \/><\/p>\n<p> <\/p>\n<p class=\"Ih2E3d\"> <\/p>\n","protected":false},"excerpt":{"rendered":"<p>PIEL-L LATINOAMERICANA EDICI\u00d3N N&deg; 207, A\u00d1O V. Viernes 08\/08\/2008 Si, despu\u00e9s que yo muera, se quisiera escribir mi biograf\u00eda, nada ser\u00eda m\u00e1s simple. Exactamente poseo dos fechas -la de mi nacimiento y la de muerte-. (Fernando Pessoa- &quot;Si despu\u00e9s que yo me muera&quot;) &nbsp; Editores Dr. Jaime PIQUERO MARTIN Dr. Rolando HERNANDEZ PEREZ Dr. Felix &hellip;<\/p>\n","protected":false},"author":16,"featured_media":0,"parent":0,"menu_order":0,"comment_status":"open","ping_status":"open","template":"","meta":{"footnotes":""},"class_list":["post-4196","page","type-page","status-publish",""],"_links":{"self":[{"href":"https:\/\/piel-l.org\/blog\/wp-json\/wp\/v2\/pages\/4196","targetHints":{"allow":["GET"]}}],"collection":[{"href":"https:\/\/piel-l.org\/blog\/wp-json\/wp\/v2\/pages"}],"about":[{"href":"https:\/\/piel-l.org\/blog\/wp-json\/wp\/v2\/types\/page"}],"author":[{"embeddable":true,"href":"https:\/\/piel-l.org\/blog\/wp-json\/wp\/v2\/users\/16"}],"replies":[{"embeddable":true,"href":"https:\/\/piel-l.org\/blog\/wp-json\/wp\/v2\/comments?post=4196"}],"version-history":[{"count":0,"href":"https:\/\/piel-l.org\/blog\/wp-json\/wp\/v2\/pages\/4196\/revisions"}],"wp:attachment":[{"href":"https:\/\/piel-l.org\/blog\/wp-json\/wp\/v2\/media?parent=4196"}],"curies":[{"name":"wp","href":"https:\/\/api.w.org\/{rel}","templated":true}]}}